at is 1171a (base 12) in base 5?
1222434
201 (base 14) to base 15
1b3
What is 1010100110111 (base 2) in base 13?
261a
What is 364 (base 13) in base 4?
21031
Convert -1979 (base 10) to base 9.
-2638
Convert -13773 (base 8) to base 2.
-1011111111011
Convert -332 (base 8) to base 15.
-e8
Convert 2022001222 (base 3) to base 7.
245633
-548 (base 9) to base 10
-449
Convert -19a62 (base 11) to base 9.
-42237
24113 (base 6) to base 8
6655
33562 (base 10) to base 9
51031
Convert -1 (base 5) to base 14.
-1
Convert 111000110001 (base 2) to base 14.
1477
Convert 120021201 (base 3) to base 13.
50c2
Convert 39 (base 11) to base 6.
110
-11910 (base 14) to base 3
-2011220022
-5159 (base 13) to base 9
-16355
Convert 130 (base 13) to base 7.
415
What is 1a5 (base 12) in base 13?
179
Convert 130207 (base 8) to base 13.
17753
1011021121 (base 3) to base 2
101100100010100
Convert -1011011110011 (base 2) to base 4.
-1123303
-551 (base 7) to base 4
-10121
11213 (base 4) to base 15
18e
Convert 1110034 (base 5) to base 14.
70d4
What is -10636 (base 10) in base 15?
-3241
Convert -1c1a (base 13) to base 9.
-5740
200022202 (base 3) to base 6
141502
4a9b (base 12) to base 16
2117
What is -1156 (base 14) in base 12?
-18b4
68bb (base 13) to base 11
10043
Convert -14032 (base 6) to base 4.
-202010
What is -3ba (base 13) in base 10?
-660
What is -14744 (base 9) in base 15?
-2ec4
1b332 (base 12) to base 15
bdae
-454 (base 8) to base 6
-1220
-3737 (base 14) to base 13
-4517
-1244132 (base 5) to base 7
-132434
Convert 1135 (base 7) to base 11.
350
What is -76b (base 12) in base 2?
-10001000011
-100d (base 16) to base 2
-1000000001101
Convert -24412 (base 5) to base 13.
-acb
3083 (base 12) to base 7
21255
-3124 (base 6) to base 15
-31a
Convert -222 (base 13) to base 15.
-196
What is 2753 (base 15) in base 14?
30c3
What is -1414332 (base 5) in base 7?
-151355
Convert -1234 (base 12) to base 8.
-4010
What is 3222330 (base 5) in base 9?
83044
810 (base 16) to base 9
2743
Convert -1001322 (base 4) to base 7.
-15204
3113002 (base 4) to base 15
4127
-8646 (base 10) to base 12
-5006
What is -25 (base 8) in base 16?
-15
Convert 306542 (base 7) to base 6.
1044122
-1011100101 (base 2) to base 6
-3233
Convert -1a99 (base 13) to base 9.
-5448
What is 1029 (base 10) in base 3?
1102010
-1b55 (base 12) to base 16
-d31
Convert -1054022 (base 6) to base 16.
-d2fe
What is -2021122211 (base 3) in base 4?
-22332112
Convert -55161 (base 7) to base 4.
-3113310
Convert 12403 (base 5) to base 2.
1111010010
Convert -62 (base 12) to base 4.
-1022
5fcd (base 16) to base 9
36570
-241334 (base 5) to base 3
-110022012
What is 3720 (base 8) in base 4?
133100
Convert -3827 (base 10) to base 4.
-323303
What is 110420 (base 5) in base 8?
7424
333 (base 6) to base 4
2001
-227151 (base 8) to base 7
-441464
4b31 (base 12) to base 3
102201001
4a4 (base 13) to base 8
1452
466 (base 7) to base 15
114
What is 1274 (base 14) in base 12?
1a5a
What is -941 (base 13) in base 12?
-ab2
22101102 (base 3) to base 7
23552
Convert 3461 (base 10) to base 9.
4665
Convert -4476 (base 8) to base 15.
-a7b
What is 2360 (base 7) in base 8?
1553
Convert -194a5 (base 11) to base 4.
-12221103
What is -17304 (base 10) in base 6?
-212040
-7bb (base 14) to base 13
-913
Convert 20 (base 5) to base 8.
12
Convert 1a152 (base 11) to base 4.
12313201
2e38 (base 15) to base 16
26e1
What is 30133 (base 4) in base 16?
31f
Convert 105c0 (base 14) to base 12.
1aa90
Convert -121404 (base 6) to base 11.
-8077
10120 (base 11) to base 7
61050
What is -54266 (base 7) in base 11?
-a184
11a32 (base 12) to base 16
5d86
-421 (base 10) to base 12
-2b1
Convert -ac (base 16) to base 3.
-20101
Convert -5ba (base 12) to base 8.
-1536
What is 14546 (base 10) in base 5?
431141
Convert 17b7a (base 12) to base 9.
52304
Convert -2351 (base 12) to base 2.
-111101101101
Convert -11011110011 (base 2) to base 6.
-12123
1200101 (base 3) to base 7
3400
-4c5 (base 16) to base 2
-10011000101
-1303 (base 8) to base 3
-222012
Convert -165701 (base 8) to base 16.
-ebc1
Convert 10001100110100 (base 2) to base 14.
33da
Convert 3326 (base 8) to base 6.
12034
What is 102303 (base 4) in base 14?
61d
3630 (base 13) to base 11
581a
Convert 17975 (base 10) to base 12.
a49b
2400 (base 5) to base 13
20c
-1030 (base 11) to base 4
-111110
Convert -1111100000 (base 2) to base 9.
-1322
Convert -19754 (base 10) to base 16.
-4d2a
Convert -375 (base 11) to base 13.
-283
Convert 1110212211 (base 3) to base 4.
13012102
Convert 3 (base 7) to base 11.
3
Convert -94 (base 16) to base 13.
-b5
What is 412 (base 5) in base 10?
107
What is e9c3 (base 16) in base 3?
10001002102
What is -43186 (base 9) in base 15?
-8710
What is 8cd8 (base 16) in base 10?
36056
Convert 10010100010100011 (base 2) to base 4.
102202203
4cc9 (base 13) to base 16
2ae5
Convert -78b (base 13) to base 15.
-5b8
3230101 (base 4) to base 11
103a7
Convert -48c7 (base 16) to base 12.
-a947
What is -6700 (base 10) in base 16?
-1a2c
What is 2074 (base 10) in base 9?
2754
What is -64c (base 13) in base 2?
-10000110110
Convert -211101111 (base 3) to base 12.
-9541
Convert -46263 (base 8) to base 14.
-7227
What is -111122 (base 6) in base 3?
-110210212
Convert -4334 (base 6) to base 10.
-994
What is -11141 (base 7) in base 13?
-1391
What is 1081 (base 13) in base 15?
a37
What is -16b9 (base 15) in base 11?
-3754
113054 (base 9) to base 3
10110001211
What is 725 (base 16) in base 11?
1413
1d3c (base 14) to base 13
2583
What is -703 (base 9) in base 14?
-2ca
Convert 246 (base 15) to base 8.
1004
14cba (base 14) to base 6
1040152
-10101011010110 (base 2) to base 7
-43654
What is 630 (base 7) in base 16?
13b
-1320 (base 8) to base 14
-396
-100577 (base 8) to base 6
-413251
What is -237660 (base 8) in base 11?
-56540
56 (base 9) to base 4
303
-2a25 (base 16) to base 2
-10101000100101
What is 211133 (base 4) in base 16?
95f
Convert -211331 (base 4) to base 2.
-100101111101
What is -135 (base 9) in base 7?
-221
Convert -11322 (base 4) to base 8.
-572
What is bb5 (base 12) in base 5?
23341
What is 13cf6 (base 16) in base 13?
2ac19
13254 (base 7) to base 11
2753
Convert 124020 (base 5) to base 15.
16aa
-223542 (base 6) to base 3
-222001122
What is -300a (base 15) in base 9?
-14811
What is -11010002 (base 3) in base 8?
-5667
What is -67ee (base 15) in base 6?
-250025
What is 23102 (base 5) in base 4?
121310
4d15 (base 16) to base 14
7297
-4846 (base 11) to base 5
-200332
-12322 (base 4) to base 14
-238
120022111 (base 3) to base 14
40d6
What is -41403 (base 5) in base 9?
-3661
Convert dd (base 15) to base 8.
320
What is 17821 (base 9) in base 11?
92a0
Convert 614 (base 14) to base 5.
14234
62411 (base 7) to base 9
22875
What is -306 (base 8) in base 7?
-402
What is -118 (base 10) in base 6?
-314
What is -231323 (base 6) in base 12?
-b543
Convert 117182 (base 9) to base 12.
35018
-121000021 (base 3) to base 7
-46012
Convert -124625 (base 7) to base 14.
-86bc
What is -5035 (base 6) in base 9?
-1455
34b6 (base 15) to base 3
120100200
Convert -211023 (base 6) to base 3.
-212102120
182 (base 14) to base 13
1ab
What is -644 (base 13) in base 14?
-566
Convert -120110122 (base 3) to base 11.
-8521
-173 (base 9) to base 5
-1042
Convert 82 (base 16) to base 10.
130
Convert -604 (base 13) to base 12.
-70a
1020 (base 5) to base 11
113
What is -55141 (base 9) in base 2?
-1000111011011000
What is -10764 (base 9) in base 3?
-100212011
100133 (base 4) to base 8
2037
Convert 4334 (base 12) to base 16.
1cd8
What is -21441 (base 10) in base 13?
-99b4
What is 1a004 (base 11) in base 16?
6d33
-30402 (base 10) to base 8
-73302
Convert -122111 (base 3) to base 4.
-13120
What is -302 (base 12) in base 11?
-365
Convert 21a5 (base 16) to base 11.
6520
Convert -1bb (base 15) to base 13.
-24b
What is 878 (base 11) in base 4?
100131
What is 247 (base 16) in base 9?
717
Convert -10454 (base 7) to base 3.
-10121122
What is -1010101111 (base 2) in base 16?
-2af
What is -ad76 (base 16) in base 12?
-21846
Convert 316 (base 12) to base 10.
450
What is 10011000000011 (base 2) in base 5?
302411
What is -3614 (base 8) in base 5?
-30212
Convert a1f (base 16) to base 10.
2591
Convert -1100312 (base 4) to base 8.
-12066
Convert 150115 (base 7) to base 15.
884d
Convert 10102121 (base 3) to 